.
35
Let k(v) be the third derivative of -v**4/6 + v**3/2 - v**2 - 30. Suppose -365*z = -363*z - 8. Calculate k(z).
-13
Let v = -31922 - -31918. Let j be (-2)/3 + (-14)/(-3). Let d(t) = -j*t - 4*t + 3 + 2*t - 5. Determine d(v).
22
Let w be -6 - (3 - 6) - 1. Let u(l) = l + 1. Let c(r) = 4*r + 4. Let x = -1 - 5. Let s(q) = x*u(q) + 2*c(q). Determine s(w).
-6
Let p be ((-2)/4)/(24/144). Let o(t) = -2*t + 6. Let i(r) = -r + 3. Let d(a) = p*o(a) + 7*i(a). Suppose 2*j + j = 12. Calculate d(j).
-1
Let h(w) = -w**3 + 4*w**2 - 1. Let l = 520 - 508. Suppose 4*k = 35*d - 31*d + l, 0 = -3*d. Determine h(k).
8
Suppose -c - 80*f - 3 = -77*f, -2*c - 5*f - 11 = 0. Let k(l) = l**2 + 16*l - 4. Give k(c).
32
Let w(g) = -9*g**2 + 31*g - 9. Let x be w(3). Let p(z) = z**3 - 12*z**2 + 28*z. What is p(x)?
3
Let q be (-4640)/210 - -22 - (-1569)/(-63). Let j(i) = 6*i + 147. Give j(q).
-3
Let u(n) = n + 2. Let m = -73 + 108. Suppose 0 = -d + 5*a - 13, -m - 2 = -3*d - 4*a. Suppose 2 + 47 = -d*x. What is u(x)?
-5
Let h(j) be the third derivative of -j**5/60 - j**4/6 + 7*j**3/3 + 1998*j**2. Give h(3).
-7
Let w(f) be the first derivative of f**4/4 - 2*f**3/3 - 5*f**2/2 + f + 713. Give w(5).
51
Let h(q) = -42*q**2 - 38*q**2 - 3*q**3 + 5 - 46*q**2 + 2*q**3 + 120*q**2. Let j(r) = -r**3 + r**2 - 6. Let s be j(0). Determine h(s).
5
Let q(d) = d**2 - 8*d + 9. Let a(m) = -m**3 + 21*m**2 + 3*m - 56. Let g = 160 + -139. Let b be a(g). Determine q(b).
2
Let m(x) = -68*x + 156. Let j(b) = 23*b - 58. Let l(a) = 14*j(a) + 5*m(a). What is l(-2)?
4
Let x(v) = -v**3 - 8*v**2 - 9*v - 10. Let i be (0 + -1)*17 - (-4 - -2). Let c be ((-6)/i)/(1*3/945). Suppose c = 5*j - 23*j. Give x(j).
4
Let y(r) = r + 4*r + 9 - 5*r + r - 2*r. Determine y(2).
7
Let t be 14*-3*3/(-9). Let a(q) = q**3 + q**2 + q. Let g(u) = 8*u**3 + 7*u**2 + 7*u. Let k(z) = t*a(z) - 2*g(z). Let c = 2 - 1. What is k(c)?
-2
Let i(w) = 3*w + 15. Suppose 4*a + 3 - 23 = 0, -4*a = 5*x - 40. Suppose 2*c + 10 = x, -5*l - c = 53. Determine i(l).
-15
Let h = 123 - 62. Let k(o) = -h*o - 59*o + 116*o - 1. What is k(-2)?
7
Let a(w) = -17*w**3 - 94*w**2 - 72*w + 339. Let d(p) = -5*p**3 - 31*p**2 - 24*p + 113. Let k(c) = 2*a(c) - 7*d(c). What is k(-28)?
-1
Let z be -7*-39*(-19)/(-399). Let s(b) = -b + 46. What is s(z)?
33
Suppose -10*h = -0 - 20. Let y(k) = h - 9*k + k**2 - 6*k - 9*k + 14*k. Calculate y(4).
-22
Let k = 13 + -7. Let c(f) = -12 + k + 13 - f. What is c(10)?
-3
Let b = 1161 - 874. Let n(j) = -99*j + b*j + 2 - 92*j - 95*j. Let q = -3 - -3. Give n(q).
2
Let k(r) = -2*r - 74 - 5*r + 55. Let c(y) = -13*y - 36. Let m(h) = -6*c(h) + 11*k(h). Calculate m(-3).
4
Let z(u) = u**2 + 6*u - 1. Let f be (10/(-6))/(115/(-276)). Suppose -3*a - 5*w + 30 - 29 = 0, 14 = -f*a + w. Calculate z(a).
-10
Let m be ((-17)/2 - -1)*(-16)/(-20). Let i be (-31)/(-11) + (-24)/(-132). Let t(b) = -i*b**2 + 4 - 7*b + 2*b**2 - 2. Calculate t(m).
8
Let c(w) = 31*w + 149. Let m(f) = 48*f + 225. Let z(j) = 8*c(j) - 5*m(j). What is z(-9)?
-5
Suppose 253*h - 125 = 248*h. Let k(a) = -a**3 + 25*a**2 - 4. Determine k(h).
-4
Let w(d) = -d**3 - 6*d**2 - 4*d + 5. Let l be w(-6). Suppose l*f = 23*f + 36. Let n(o) = -4*o + 6. What is n(f)?
-18
Let m(y) = -y**2 + 7*y - 3. Let g be m(5). Let k(a) = -8*a - g*a + a + 9 - a. Let d be k(1). Let l(h) = h**2 + 7*h + 3. What is l(d)?
-3
Suppose -450 + 2309 = 169*p. Let a(u) = -u**2 + 12*u - 13. Let v(i) = 2*i**2 - 24*i + 26. Let k(t) = 11*a(t) + 6*v(t). Determine k(p).
2
Let p(b) = 2*b**3 + 16*b**2 - 78*b + 6. Let i(q) = -q**3 - q**2 + 17*q - 3. Let u(k) = 3*i(k) + p(k). Determine u(3).
6
Let p = 34 + -31. Let o(c) = c**2 + c. Let x be o(-1). Let k(z) = -z**2 + 5*z**3 + z**p - z + x*z**3 - 2 - 4*z**3. What is k(2)?
8
Let s(b) = b**3 - 6*b**2 - 7*b + 10. Suppose 4*v + 460 = 3*l, 3*v - 2*v + 4 = 0. Let k = -141 + l. Determine s(k).
10
Let s(w) = 17*w**2 - 14*w - 32. Let v(n) = 74*n**2 - 57*n - 126. Let z(b) = -13*s(b) + 3*v(b). What is z(-5)?
8
Let j be 9/3 - 20/5. Let h(f) = -22*f**3 + 6*f**2 - 41*f + 344. Let n(s) = 4*s**3 - s**2 + 7*s - 59. Let z(c) = -6*h(c) - 35*n(c). Give z(j).
7
Let v(t) = 24*t - 3825. Let j(c) = 3*c - 499. Let x(w) = -23*j(w) + 3*v(w). Let o be (3/6 - 0)*4. Suppose 3*i - 4*a - 12 = -5, 0 = -o*a - 8. What is x(i)?
-7
Let q(f) = -f**2 - 15*f + 4. Let m be -15 - ((2 - 4) + (4 - 2)). Let t be q(m). Let d(a) = -22*a + a**2 + 2*a + 5*a + t*a. Calculate d(11).
0
Let r(i) = i**2 - 5*i + 6. Let b be r(10). Let p = -54 + b. Let c(v) = -28*v**p - 28*v**2 - 2*v + 10 - 5*v + 55*v**2. Calculate c(-9).
-8
Let f(n) = n + 26. Let w be (-54)/14 - 7*(-2)/(-98). Calculate f(w).
22
Let z(n) = -n - 5. Let l be 4/((-8)/(-3))*(-228)/(-18). Suppose -i = 4, 4*i = -r + i - l. What is z(r)?
2
Let v(h) = h**2 - h + 4. Let m be (-6)/4 + (-40)/(-80). Let i(g) = -4*g**2 - 10*g - 9. Let t be i(m). Determine v(t).
16
Let y(l) = 124 + 2*l**2 + 107 - 215 - 2*l - 2*l**2 + l**2. Calculate y(5).
31
Let d(c) = -8*c + 58. Let f be d(7). Let o(n) = -f*n - 9*n**2 + n**2 - 2 + 7*n**2. Calculate o(-3).
-5
Let n(c) be the second derivative of 11*c**6/120 - c**3/6 + 71*c**2/2 + 125*c. Let h(m) be the first derivative of n(m). Give h(1).
10
Let n(m) = m**2 + 29*m + 2. Let w(p) = -5*p**2 - 49*p - 4. Let t(a) = -5*n(a) - 2*w(a). Calculate t(10).
28
Let c(v) = -4*v**3 + 6*v**2 + 3*v. Let x be (5 + 25)/(-3) + 9/1. Calculate c(x).
7
Let z(u) = -7*u - 5*u + 20*u - 4*u - 6*u + 5. Let j(r) = 2*r - 6. Let h(q) = -5*j(q) - 6*z(q). Determine h(-1).
-2
Let d be -12*(-24)/(-32) - -12. Let q(g) = 3*g**3 - 6*g**2 - 9*g. Calculate q(d).
0
Suppose -62*u + 44*u = -54. Suppose -h = 2*o, -3 = -0*h - 3*h - 3*o. Let t(p) = -9*p + 13*p + p**u - 2*p**2 + 4*p**2 + h. Determine t(-2).
-6
Let i(f) = -5*f**2 - 5 - 2*f - 23008*f**3 + 11508*f**3 - 12*f + 11501*f**3. Give i(7).
-5
Suppose 20*u - 17*u = y, 5*u = -y + 8. Let i(p) = 44*p. Determine i(u).
44
Let r(j) = -2*j + 7*j**2 + 1 - 15*j**2 + 9*j**2. Let l(f) = -6*f**2 - 56*f - 3. Let y be l(-9). Suppose -10 - 11 = -u + 5*o, -5*u - 5*o - y = 0. Calculate r(u).
0
Let j(i) = -i + 25. Suppose 15*p + 24*p = 25*p + 392. What is j(p)?
-3
Suppose -5*i = -2*z - 69, 5*i - 5*z - 75 = -0*i. Suppose -2*m + i = g, -4*m + 4*g + 20 = -3*m. Let w(o) = 3*o - 26. Calculate w(m).
-2
Let i(r) = -10*r - 6. Let w be i(-1). Let u(f) be the second derivative of -f**3/3 + 3*f**2/2 + 5*f + 10. What is u(w)?
-5
Let s(c) = -c**2 + 4*c. Let w(h) be the second derivative of 3/2*h**3 + 0 - 17/2*h**2 + 1/12*h**4 + 24*h. Let q be w(-11). What is s(q)?
-5
Suppose 0 = -r + 4*a + 128, 8*r - a = 9*r - 118. Let w(t) = -61*t + t**3 - 63*t + r*t - 4 + 2*t**2. Let c be 0 + -1 + 2*-1. Give w(c).
-1
Let i(z) = z**2 - 21*z. Let b(c) = 7*c**2 - 79*c + 517. Let u(y) = b(y) - 6*i(y). What is u(-18)?
-5
Let b(n) = -6*n + 52. Let t(j) = -j - 26. Let z(k) = 6*b(k) + 11*t(k). Calculate z(1).
-21
Let v be (-6)/(-4)*-2 + (13 - (-1 + 11)). Let c(y) = -y**3 + 4*y**2 + 2*y + 17. What is c(v)?
17
Let g(d) = -d + 6. Let w be (-1 + -159)*(-207)/(-46). Let n be (-8)/(-28) + w/21. Let b be n/(-5) - ((-36)/(-30))/(-6). Calculate g(b).
-1
Let j(d) = -d**2 - 2*d + 1. Suppose 5*o - 9*o = -v - 36, -5*o + 46 = -v. Suppose -18 = 2*k + 3*k - 3*s, -o = k + s. Calculate j(k).
-23
Let a(z) = -5*z**3 + 9*z - 1. Let f(c) = 4*c**3 + c**2 - 8*c. Let i(t) = 3*a(t) + 4*f(t). Let u be (-4 - -10)*4*2/12. Suppose -u*j - 2 - 18 = 0. Determine i(j).
-3
Let w(c) be the third derivative of 5*c**4/12 - c**3/6 + 26*c**2. Let q(d) = -22*d + 1. Let j(b) = -4*q(b) - 9*w(b). What is j(-6)?
17
Let j(l) = 13*l - 12. Suppose -u - i + 5 = -3*u, 2*i + 2 = -2*u. Let v(s) = -5*s + 6. Let p(t) = u*j(t) - 5*v(t). Determine p(-8).
2
Let k(u) = -u + 17. Let p(v) = -v + 9. Let r(s) = -2*k(s) + 5*p(s). Suppose 4*y + j - 18 = 0, 91*y + 2*j = 94*y - 30. What is r(y)?
-7
Let d(x) = -3*x**2 - 5*x + 6. Let l be d(1). Let o(s) = -12*s**2 - s + 4. What is o(l)?
-42
Let i(w) be the second derivative of w**3/6 - 3*w**2 - 5*w. Suppose 9 = 3*n, -3*r + 1 = -r - n. Suppose 3*v + a = 30, 50 = 2*v + 3*v + r*a. Calculate i(v).
4
Let v(f) = f**2 + 51*f + 534. Let o be v(-35). Let w(y) = y**2 + 20*y - 162. Calculate w(o).
-6
Let c(z) = 6*z**3 - 4*z**2 + 4*z - 8. Let h(j) = -7*j**3 + 3*j**2 - 3*j + 9. Let m(f) = -5*c(f) - 4*h(f). Give m(5).
-86
Suppose -